{"id":76,"date":"2019-10-07T21:27:58","date_gmt":"2019-10-07T19:27:58","guid":{"rendered":"http:\/\/prodicsport.be\/?page_id=76"},"modified":"2025-05-15T22:59:48","modified_gmt":"2025-05-15T20:59:48","slug":"projets","status":"publish","type":"page","link":"http:\/\/prodicsport.be\/index.php\/projets\/","title":{"rendered":"Projets"},"content":{"rendered":"\n<p> Cette Association Sans But Lucratif existe dans le but de promouvoir, de soutenir et de faire connaitre le sport pour tous.<\/p>\n\n\n\n<h2 class=\"wp-block-heading\"><strong>ACADEMIE DES SPORTS PARALYMPIQUES EN BRABANT WALLON <\/strong><\/h2>\n\n\n\n<p>Le plus grand objectif de Prodic &amp; Sport asbl&nbsp;est de cr\u00e9er une Acad\u00e9mie des sports paralympiques dans le Brabant Wallon. Celle-ci regrouperait un grand nombre de sports, d&rsquo;installations, de services pour tous les sportifs handicap\u00e9s de haut niveau et les futurs \u00e9lites.<\/p>\n\n\n\n<p>Ce serait une premi\u00e8re en Belgique !&nbsp;N&rsquo;oublions pas que le sport doit \u00eatre accessible \u00e0 tous et dans les meilleures conditions.<\/p>\n\n\n\n<p>Si vous d\u00e9sirez nous aider dans ce projet ou financer une partie de celui-ci, n&rsquo;h\u00e9sitez pas \u00e0 nous contacter<\/p>\n\n\n\n<p><\/p>\n\n\n\n<h2 class=\"wp-block-heading\"><strong>Almanach<\/strong><\/h2>\n\n\n\n<p>L&rsquo;Almanach est une revue publi\u00e9e chaque ann\u00e9e et distribu\u00e9e dans le Brabant Wallon \u00e0 Braine L&rsquo;alleud, La Hulpe, Lasne, Rixensart-Genval&nbsp;et Waterloo. Elle reprend les commer\u00e7ants de la commune via un sommaire professionnel par ordre alphab\u00e9tique et une pagination correspondante. Y est \u00e9galement pr\u00e9sent un sommaire r\u00e9dactionnel d\u00e9taill\u00e9 par chaque commune, les num\u00e9ros utiles et le calendrier annuel d&rsquo;activit\u00e9s. Enfin, des articles sur le sport compl\u00e8tent celui-ci.&nbsp; <\/p>\n\n\n\n<h2 class=\"wp-block-heading\"><strong>L&rsquo;USBW<\/strong><\/h2>\n\n\n\n<p><em>Actuellement, nous soutenons chaque ann\u00e9e le m\u00e9morial Gaston Reiff et l&rsquo;Union Sportive Braine-Waterloo dans le but d&rsquo;ouvrir, dans le futur, une acad\u00e9mie des sports avec de nombreuses disciplines. <\/em><\/p>\n\n\n\n<div class=\"wp-block-image\"><figure class=\"aligncenter\"><img loading=\"lazy\" decoding=\"async\" width=\"410\" height=\"598\" src=\"http:\/\/prodicsport.be\/wp-content\/uploads\/2022\/05\/usbw.png\" alt=\"\" class=\"wp-image-1431\" srcset=\"http:\/\/prodicsport.be\/wp-content\/uploads\/2022\/05\/usbw.png 410w, http:\/\/prodicsport.be\/wp-content\/uploads\/2022\/05\/usbw-206x300.png 206w\" sizes=\"auto, (max-width: 410px) 100vw, 410px\" \/><figcaption><a href=\"http:\/\/www.usbw.be\">http:\/\/www.usbw.be<\/a><\/figcaption><\/figure><\/div>\n\n\n\n<h2 class=\"wp-block-heading\"><strong>MEMORIAL GASTON REIFF<\/strong><\/h2>\n\n\n\n<figure class=\"wp-block-image\"><img loading=\"lazy\" decoding=\"async\" width=\"678\" height=\"951\" src=\"https:\/\/prodicsport.be\/wp-content\/uploads\/2025\/05\/image-11.png\" alt=\"\" class=\"wp-image-1748\" srcset=\"http:\/\/prodicsport.be\/wp-content\/uploads\/2025\/05\/image-11.png 678w, http:\/\/prodicsport.be\/wp-content\/uploads\/2025\/05\/image-11-214x300.png 214w\" sizes=\"auto, (max-width: 678px) 100vw, 678px\" \/><\/figure>\n\n\n\n<figure class=\"wp-block-image\"><img loading=\"lazy\" decoding=\"async\" width=\"653\" height=\"961\" src=\"https:\/\/prodicsport.be\/wp-content\/uploads\/2025\/05\/image-12.png\" alt=\"\" class=\"wp-image-1749\" srcset=\"http:\/\/prodicsport.be\/wp-content\/uploads\/2025\/05\/image-12.png 653w, http:\/\/prodicsport.be\/wp-content\/uploads\/2025\/05\/image-12-204x300.png 204w\" sizes=\"auto, (max-width: 653px) 100vw, 653px\" \/><\/figure>\n\n\n\n<h2 class=\"wp-block-heading\"><strong>L&rsquo;\u00e9cole D\u00e9sir\u00e9 Denuit<\/strong><\/h2>\n\n\n\n<figure class=\"wp-block-image\"><img loading=\"lazy\" decoding=\"async\" width=\"627\" height=\"873\" src=\"https:\/\/prodicsport.be\/wp-content\/uploads\/2025\/05\/image-58.png\" alt=\"\" class=\"wp-image-1860\" srcset=\"http:\/\/prodicsport.be\/wp-content\/uploads\/2025\/05\/image-58.png 627w, http:\/\/prodicsport.be\/wp-content\/uploads\/2025\/05\/image-58-215x300.png 215w\" sizes=\"auto, (max-width: 627px) 100vw, 627px\" \/><\/figure>\n\n\n\n<figure class=\"wp-block-image\"><img loading=\"lazy\" decoding=\"async\" width=\"622\" height=\"868\" src=\"https:\/\/prodicsport.be\/wp-content\/uploads\/2025\/05\/image-59.png\" alt=\"\" class=\"wp-image-1861\" srcset=\"http:\/\/prodicsport.be\/wp-content\/uploads\/2025\/05\/image-59.png 622w, http:\/\/prodicsport.be\/wp-content\/uploads\/2025\/05\/image-59-215x300.png 215w\" sizes=\"auto, (max-width: 622px) 100vw, 622px\" \/><\/figure>\n\n\n\n<h2 class=\"wp-block-heading\"><strong>L&rsquo;ENTRE TEMPS<\/strong><\/h2>\n\n\n\n<figure class=\"wp-block-image\"><img loading=\"lazy\" decoding=\"async\" width=\"619\" height=\"864\" src=\"https:\/\/prodicsport.be\/wp-content\/uploads\/2025\/05\/image-62.png\" alt=\"\" class=\"wp-image-1867\" srcset=\"http:\/\/prodicsport.be\/wp-content\/uploads\/2025\/05\/image-62.png 619w, http:\/\/prodicsport.be\/wp-content\/uploads\/2025\/05\/image-62-215x300.png 215w\" sizes=\"auto, (max-width: 619px) 100vw, 619px\" \/><\/figure>\n\n\n\n<h2 class=\"wp-block-heading\"><strong>FOA \/ ACBBH<\/strong><\/h2>\n\n\n\n<figure class=\"wp-block-image\"><img loading=\"lazy\" decoding=\"async\" width=\"497\" height=\"725\" src=\"http:\/\/prodicsport.be\/wp-content\/uploads\/2022\/05\/handisport.png\" alt=\"\" class=\"wp-image-1428\" srcset=\"http:\/\/prodicsport.be\/wp-content\/uploads\/2022\/05\/handisport.png 497w, http:\/\/prodicsport.be\/wp-content\/uploads\/2022\/05\/handisport-206x300.png 206w\" sizes=\"auto, (max-width: 497px) 100vw, 497px\" \/><\/figure>\n\n\n\n<figure class=\"wp-block-image\"><img loading=\"lazy\" decoding=\"async\" width=\"498\" height=\"721\" src=\"http:\/\/prodicsport.be\/wp-content\/uploads\/2022\/05\/HANDI-SPORT-suite.png\" alt=\"\" class=\"wp-image-1429\" srcset=\"http:\/\/prodicsport.be\/wp-content\/uploads\/2022\/05\/HANDI-SPORT-suite.png 498w, http:\/\/prodicsport.be\/wp-content\/uploads\/2022\/05\/HANDI-SPORT-suite-207x300.png 207w\" sizes=\"auto, (max-width: 498px) 100vw, 498px\" \/><\/figure>\n\n\n\n<figure class=\"wp-block-image\"><img loading=\"lazy\" decoding=\"async\" width=\"711\" height=\"990\" src=\"https:\/\/prodicsport.be\/wp-content\/uploads\/2025\/05\/image-137.png\" alt=\"\" class=\"wp-image-2049\" srcset=\"http:\/\/prodicsport.be\/wp-content\/uploads\/2025\/05\/image-137.png 711w, http:\/\/prodicsport.be\/wp-content\/uploads\/2025\/05\/image-137-215x300.png 215w\" sizes=\"auto, (max-width: 711px) 100vw, 711px\" \/><\/figure>\n\n\n\n<h2 class=\"wp-block-heading\"><strong>Xhrouet S\u00e9bastien<\/strong><\/h2>\n\n\n\n<figure class=\"wp-block-image\"><img loading=\"lazy\" decoding=\"async\" width=\"555\" height=\"805\" src=\"http:\/\/prodicsport.be\/wp-content\/uploads\/2020\/01\/xhrouet-s\u00e9bastien.png\" alt=\"\" class=\"wp-image-892\" srcset=\"http:\/\/prodicsport.be\/wp-content\/uploads\/2020\/01\/xhrouet-s\u00e9bastien.png 555w, http:\/\/prodicsport.be\/wp-content\/uploads\/2020\/01\/xhrouet-s\u00e9bastien-207x300.png 207w\" sizes=\"auto, (max-width: 555px) 100vw, 555px\" \/><\/figure>\n\n\n\n<h2 class=\"wp-block-heading\"><strong>Les PAPILLONS<\/strong><\/h2>\n\n\n\n<figure class=\"wp-block-image\"><img loading=\"lazy\" decoding=\"async\" width=\"749\" height=\"961\" src=\"https:\/\/prodicsport.be\/wp-content\/uploads\/2025\/05\/image-21.png\" alt=\"\" class=\"wp-image-1772\" srcset=\"http:\/\/prodicsport.be\/wp-content\/uploads\/2025\/05\/image-21.png 749w, http:\/\/prodicsport.be\/wp-content\/uploads\/2025\/05\/image-21-234x300.png 234w\" sizes=\"auto, (max-width: 706px) 89vw, (max-width: 767px) 82vw, 740px\" \/><\/figure>\n\n\n\n<figure class=\"wp-block-image\"><img loading=\"lazy\" decoding=\"async\" width=\"697\" height=\"909\" src=\"https:\/\/prodicsport.be\/wp-content\/uploads\/2025\/05\/image-22.png\" alt=\"\" class=\"wp-image-1773\" srcset=\"http:\/\/prodicsport.be\/wp-content\/uploads\/2025\/05\/image-22.png 697w, http:\/\/prodicsport.be\/wp-content\/uploads\/2025\/05\/image-22-230x300.png 230w\" sizes=\"auto, (max-width: 697px) 100vw, 697px\" \/><\/figure>\n\n\n\n<h2 class=\"wp-block-heading\"> <strong>Les COLVERTS du BRABANT WALLON ASBL<\/strong><\/h2>\n\n\n\n<figure class=\"wp-block-image\"><img loading=\"lazy\" decoding=\"async\" width=\"690\" height=\"1001\" src=\"https:\/\/prodicsport.be\/wp-content\/uploads\/2025\/05\/image-76.png\" alt=\"\" class=\"wp-image-1903\" srcset=\"http:\/\/prodicsport.be\/wp-content\/uploads\/2025\/05\/image-76.png 690w, http:\/\/prodicsport.be\/wp-content\/uploads\/2025\/05\/image-76-207x300.png 207w\" sizes=\"auto, (max-width: 690px) 100vw, 690px\" \/><\/figure>\n<p class=\"date-modification\">Article mis \u00e0 jour le 15 mai 2025<\/p>","protected":false},"excerpt":{"rendered":"<p>Cette Association Sans But Lucratif existe dans le but de promouvoir, de soutenir et de faire connaitre le sport pour tous. ACADEMIE DES SPORTS PARALYMPIQUES EN BRABANT WALLON Le plus grand objectif de Prodic &amp; Sport asbl&nbsp;est de cr\u00e9er une Acad\u00e9mie des sports paralympiques dans le Brabant Wallon. Celle-ci regrouperait un grand nombre de sports, &hellip; <\/p>\n<p class=\"link-more\"><a href=\"http:\/\/prodicsport.be\/index.php\/projets\/\" class=\"more-link\">Continuer la lecture<span class=\"screen-reader-text\"> de &laquo;&nbsp;Projets&nbsp;&raquo;<\/span><\/a><\/p>\n","protected":false},"author":1,"featured_media":80,"parent":0,"menu_order":0,"comment_status":"closed","ping_status":"closed","template":"","meta":{"footnotes":""},"categories":[],"tags":[],"class_list":["post-76","page","type-page","status-publish","has-post-thumbnail","hentry"],"_links":{"self":[{"href":"http:\/\/prodicsport.be\/index.php\/wp-json\/wp\/v2\/pages\/76","targetHints":{"allow":["GET"]}}],"collection":[{"href":"http:\/\/prodicsport.be\/index.php\/wp-json\/wp\/v2\/pages"}],"about":[{"href":"http:\/\/prodicsport.be\/index.php\/wp-json\/wp\/v2\/types\/page"}],"author":[{"embeddable":true,"href":"http:\/\/prodicsport.be\/index.php\/wp-json\/wp\/v2\/users\/1"}],"replies":[{"embeddable":true,"href":"http:\/\/prodicsport.be\/index.php\/wp-json\/wp\/v2\/comments?post=76"}],"version-history":[{"count":20,"href":"http:\/\/prodicsport.be\/index.php\/wp-json\/wp\/v2\/pages\/76\/revisions"}],"predecessor-version":[{"id":2057,"href":"http:\/\/prodicsport.be\/index.php\/wp-json\/wp\/v2\/pages\/76\/revisions\/2057"}],"wp:featuredmedia":[{"embeddable":true,"href":"http:\/\/prodicsport.be\/index.php\/wp-json\/wp\/v2\/media\/80"}],"wp:attachment":[{"href":"http:\/\/prodicsport.be\/index.php\/wp-json\/wp\/v2\/media?parent=76"}],"wp:term":[{"taxonomy":"category","embeddable":true,"href":"http:\/\/prodicsport.be\/index.php\/wp-json\/wp\/v2\/categories?post=76"},{"taxonomy":"post_tag","embeddable":true,"href":"http:\/\/prodicsport.be\/index.php\/wp-json\/wp\/v2\/tags?post=76"}],"curies":[{"name":"wp","href":"https:\/\/api.w.org\/{rel}","templated":true}]}}

<p> Cette Association Sans But Lucratif existe dans le but de promouvoir, de soutenir et de faire connaitre le sport pour tous.</p>



<h2 class="wp-block-heading"><strong>ACADEMIE DES SPORTS PARALYMPIQUES EN BRABANT WALLON </strong></h2>



<p>Le plus grand objectif de Prodic &amp; Sport asbl&nbsp;est de créer une Académie des sports paralympiques dans le Brabant Wallon. Celle-ci regrouperait un grand nombre de sports, d&rsquo;installations, de services pour tous les sportifs handicapés de haut niveau et les futurs élites.</p>



<p>Ce serait une première en Belgique !&nbsp;N&rsquo;oublions pas que le sport doit être accessible à tous et dans les meilleures conditions.</p>



<p>Si vous désirez nous aider dans ce projet ou financer une partie de celui-ci, n&rsquo;hésitez pas à nous contacter</p>



<p></p>



<h2 class="wp-block-heading"><strong>Almanach</strong></h2>



<p>L&rsquo;Almanach est une revue publiée chaque année et distribuée dans le Brabant Wallon à Braine L&rsquo;alleud, La Hulpe, Lasne, Rixensart-Genval&nbsp;et Waterloo. Elle reprend les commerçants de la commune via un sommaire professionnel par ordre alphabétique et une pagination correspondante. Y est également présent un sommaire rédactionnel détaillé par chaque commune, les numéros utiles et le calendrier annuel d&rsquo;activités. Enfin, des articles sur le sport complètent celui-ci.&nbsp; </p>



<h2 class="wp-block-heading"><strong>L&rsquo;USBW</strong></h2>



<p><em>Actuellement, nous soutenons chaque année le mémorial Gaston Reiff et l&rsquo;Union Sportive Braine-Waterloo dans le but d&rsquo;ouvrir, dans le futur, une académie des sports avec de nombreuses disciplines. </em></p>



<div class="wp-block-image"><figure class="aligncenter"><img loading="lazy" decoding="async" width="410" height="598" src="http://prodicsport.be/wp-content/uploads/2022/05/usbw.png" alt="" class="wp-image-1431" srcset="http://prodicsport.be/wp-content/uploads/2022/05/usbw.png 410w, http://prodicsport.be/wp-content/uploads/2022/05/usbw-206x300.png 206w" sizes="auto, (max-width: 410px) 100vw, 410px" /><figcaption><a href="http://www.usbw.be">http://www.usbw.be</a></figcaption></figure></div>



<h2 class="wp-block-heading"><strong>MEMORIAL GASTON REIFF</strong></h2>



<figure class="wp-block-image"><img loading="lazy" decoding="async" width="678" height="951" src="https://prodicsport.be/wp-content/uploads/2025/05/image-11.png" alt="" class="wp-image-1748" srcset="http://prodicsport.be/wp-content/uploads/2025/05/image-11.png 678w, http://prodicsport.be/wp-content/uploads/2025/05/image-11-214x300.png 214w" sizes="auto, (max-width: 678px) 100vw, 678px" /></figure>



<figure class="wp-block-image"><img loading="lazy" decoding="async" width="653" height="961" src="https://prodicsport.be/wp-content/uploads/2025/05/image-12.png" alt="" class="wp-image-1749" srcset="http://prodicsport.be/wp-content/uploads/2025/05/image-12.png 653w, http://prodicsport.be/wp-content/uploads/2025/05/image-12-204x300.png 204w" sizes="auto, (max-width: 653px) 100vw, 653px" /></figure>



<h2 class="wp-block-heading"><strong>L&rsquo;école Désiré Denuit</strong></h2>



<figure class="wp-block-image"><img loading="lazy" decoding="async" width="627" height="873" src="https://prodicsport.be/wp-content/uploads/2025/05/image-58.png" alt="" class="wp-image-1860" srcset="http://prodicsport.be/wp-content/uploads/2025/05/image-58.png 627w, http://prodicsport.be/wp-content/uploads/2025/05/image-58-215x300.png 215w" sizes="auto, (max-width: 627px) 100vw, 627px" /></figure>



<figure class="wp-block-image"><img loading="lazy" decoding="async" width="622" height="868" src="https://prodicsport.be/wp-content/uploads/2025/05/image-59.png" alt="" class="wp-image-1861" srcset="http://prodicsport.be/wp-content/uploads/2025/05/image-59.png 622w, http://prodicsport.be/wp-content/uploads/2025/05/image-59-215x300.png 215w" sizes="auto, (max-width: 622px) 100vw, 622px" /></figure>



<h2 class="wp-block-heading"><strong>L&rsquo;ENTRE TEMPS</strong></h2>



<figure class="wp-block-image"><img loading="lazy" decoding="async" width="619" height="864" src="https://prodicsport.be/wp-content/uploads/2025/05/image-62.png" alt="" class="wp-image-1867" srcset="http://prodicsport.be/wp-content/uploads/2025/05/image-62.png 619w, http://prodicsport.be/wp-content/uploads/2025/05/image-62-215x300.png 215w" sizes="auto, (max-width: 619px) 100vw, 619px" /></figure>



<h2 class="wp-block-heading"><strong>FOA / ACBBH</strong></h2>



<figure class="wp-block-image"><img loading="lazy" decoding="async" width="497" height="725" src="http://prodicsport.be/wp-content/uploads/2022/05/handisport.png" alt="" class="wp-image-1428" srcset="http://prodicsport.be/wp-content/uploads/2022/05/handisport.png 497w, http://prodicsport.be/wp-content/uploads/2022/05/handisport-206x300.png 206w" sizes="auto, (max-width: 497px) 100vw, 497px" /></figure>



<figure class="wp-block-image"><img loading="lazy" decoding="async" width="498" height="721" src="http://prodicsport.be/wp-content/uploads/2022/05/HANDI-SPORT-suite.png" alt="" class="wp-image-1429" srcset="http://prodicsport.be/wp-content/uploads/2022/05/HANDI-SPORT-suite.png 498w, http://prodicsport.be/wp-content/uploads/2022/05/HANDI-SPORT-suite-207x300.png 207w" sizes="auto, (max-width: 498px) 100vw, 498px" /></figure>



<figure class="wp-block-image"><img loading="lazy" decoding="async" width="711" height="990" src="https://prodicsport.be/wp-content/uploads/2025/05/image-137.png" alt="" class="wp-image-2049" srcset="http://prodicsport.be/wp-content/uploads/2025/05/image-137.png 711w, http://prodicsport.be/wp-content/uploads/2025/05/image-137-215x300.png 215w" sizes="auto, (max-width: 711px) 100vw, 711px" /></figure>



<h2 class="wp-block-heading"><strong>Xhrouet Sébastien</strong></h2>



<figure class="wp-block-image"><img loading="lazy" decoding="async" width="555" height="805" src="http://prodicsport.be/wp-content/uploads/2020/01/xhrouet-sébastien.png" alt="" class="wp-image-892" srcset="http://prodicsport.be/wp-content/uploads/2020/01/xhrouet-sébastien.png 555w, http://prodicsport.be/wp-content/uploads/2020/01/xhrouet-sébastien-207x300.png 207w" sizes="auto, (max-width: 555px) 100vw, 555px" /></figure>



<h2 class="wp-block-heading"><strong>Les PAPILLONS</strong></h2>



<figure class="wp-block-image"><img loading="lazy" decoding="async" width="749" height="961" src="https://prodicsport.be/wp-content/uploads/2025/05/image-21.png" alt="" class="wp-image-1772" srcset="http://prodicsport.be/wp-content/uploads/2025/05/image-21.png 749w, http://prodicsport.be/wp-content/uploads/2025/05/image-21-234x300.png 234w" sizes="auto, (max-width: 706px) 89vw, (max-width: 767px) 82vw, 740px" /></figure>



<figure class="wp-block-image"><img loading="lazy" decoding="async" width="697" height="909" src="https://prodicsport.be/wp-content/uploads/2025/05/image-22.png" alt="" class="wp-image-1773" srcset="http://prodicsport.be/wp-content/uploads/2025/05/image-22.png 697w, http://prodicsport.be/wp-content/uploads/2025/05/image-22-230x300.png 230w" sizes="auto, (max-width: 697px) 100vw, 697px" /></figure>



<h2 class="wp-block-heading"> <strong>Les COLVERTS du BRABANT WALLON ASBL</strong></h2>



<figure class="wp-block-image"><img loading="lazy" decoding="async" width="690" height="1001" src="https://prodicsport.be/wp-content/uploads/2025/05/image-76.png" alt="" class="wp-image-1903" srcset="http://prodicsport.be/wp-content/uploads/2025/05/image-76.png 690w, http://prodicsport.be/wp-content/uploads/2025/05/image-76-207x300.png 207w" sizes="auto, (max-width: 690px) 100vw, 690px" /></figure>
<p class="date-modification">Article mis à jour le 15 mai 2025</p>

<p>Cette Association Sans But Lucratif existe dans le but de promouvoir, de soutenir et de faire connaitre le sport pour tous. ACADEMIE DES SPORTS PARALYMPIQUES EN BRABANT WALLON Le plus grand objectif de Prodic &amp; Sport asbl&nbsp;est de créer une Académie des sports paralympiques dans le Brabant Wallon. Celle-ci regrouperait un grand nombre de sports, &hellip; </p>
<p class="link-more"><a href="http://prodicsport.be/index.php/projets/" class="more-link">Continuer la lecture<span class="screen-reader-text"> de &laquo;&nbsp;Projets&nbsp;&raquo;</span></a></p>
